{"id":4349,"date":"2024-07-17T18:53:11","date_gmt":"2024-07-17T16:53:11","guid":{"rendered":"http:\/\/fajnewakacjezgenezaret.pl\/?page_id=4349"},"modified":"2025-07-18T21:29:47","modified_gmt":"2025-07-18T19:29:47","slug":"sobota-wyjazd","status":"publish","type":"page","link":"https:\/\/fajnewakacjezgenezaret.pl\/index.php\/sobota-wyjazd\/","title":{"rendered":"Sobota &#8211; wyjazd"},"content":{"rendered":"<p>[vc_row full_width=&#8221;stretch_row&#8221; css=&#8221;.vc_custom_1659111992184{background-color: #ffffff !important;}&#8221;][vc_column]\r\n        <div class=\"rs-heading  border-style \">\r\n        \t<div class=\"title-inner\">\r\n\t            <span class=\"sub-text\">Sobota<\/span>\r\n\t            <h2>26.07.2025<\/h2>\r\n\t        <\/div><\/div>[vc_separator][vc_column_text]<strong>Medytacja 7<\/strong><\/p>\n<p><strong>\u00a0<\/strong>Sta\u0144 przed Bogiem, Twoim Panem w pokorze i spr\u00f3buj uciszy\u0107 wszystkie my\u015bli. Postaraj si\u0119 us\u0142ysze\u0107 s\u0142\u00f3w Jezusa, jakby m\u00f3wi\u0142 je teraz do Ciebie.<\/p>\n<p><strong>\u00a0<\/strong><strong>Ewangelia wg \u015bw. \u00a0Mateusza 10, 5 -11 oraz 10, 40<\/strong><\/p>\n<p><em>&#8230;Tych to Dwunastu wys\u0142a\u0142 Jezus, daj\u0105c im nast\u0119puj\u0105ce wskazania: \u00abNie id\u017acie do pogan i nie wst\u0119pujcie do \u017cadnego miasta samaryta\u0144skiego!\u00a0Id\u017acie raczej do owiec, kt\u00f3re pogin\u0119\u0142y z domu Izraela. Id\u017acie i g\u0142o\u015bcie: &#8220;Bliskie ju\u017c jest kr\u00f3lestwo niebieskie&#8221;.\u00a0Uzdrawiajcie chorych, wskrzeszajcie umar\u0142ych, oczyszczajcie tr\u0119dowatych, wyp\u0119dzajcie z\u0142e duchy! Darmo otrzymali\u015bcie, darmo dawajcie!\u00a0Nie zdobywajcie z\u0142ota ani srebra, ani miedzi do swych trzos\u00f3w.\u00a0Nie bierzcie na drog\u0119 torby ani dw\u00f3ch sukien, ani sanda\u0142\u00f3w, ani laski! Wart jest bowiem robotnik swej strawy. A gdy przyjdziecie do jakiego\u015b miasta albo wsi, wywiedzcie si\u0119, kto tam jest godny, i u niego zatrzymajcie si\u0119&#8230; Kto was przyjmuje, Mnie przyjmuje; a kto Mnie przyjmuje, przyjmuje Tego, kt\u00f3ry Mnie pos\u0142a\u0142\u00bb.<\/em><\/p>\n<p>Jezus wysy\u0142a uczni\u00f3w, aby g\u0142osili dobr\u0105 nowin\u0119. Maj\u0105 m\u00f3wi\u0107 ludziom o dobrym Ojcu i Jego mi\u0142o\u015bci do cz\u0142owieka. Maj\u0105 ich uzdrawia\u0107. Jezus powiedzia\u0142 do uczni\u00f3w, \u017ce id\u0105c naucza\u0107 i leczy\u0107 z r\u00f3\u017cnych niemocy nie maj\u0105 niczego zabiera\u0107 ze sob\u0105. Zapewnia, \u017ce inni zatroszcz\u0105 si\u0119 o ich potrzeby (np. o nocleg i straw\u0119).<\/p>\n<p>Refleksja<\/p>\n<p>Spojrzyj na miniony tydzie\u0144, jako na dar od Boga.<\/p>\n<p><em>Jakie dobra Ci\u0119 w tym czasie spotka\u0142y? <\/em><\/p>\n<p><em>Jakie masz do\u015bwiadczenie dzia\u0142ania Boga w tym czasie?<\/em><\/p>\n<p><em>W jaki spos\u00f3b inni zatroszczyli si\u0119 o Ciebie?<\/em><\/p>\n<p><em>W jaki spos\u00f3b Ty troszczy\u0142e\u015b si\u0119 o innych?<\/em><\/p>\n<p>Wyobra\u017a sobie, \u017ce jeste\u015b jednym z uczni\u00f3w, kt\u00f3rego Jezus posy\u0142a.<\/p>\n<p><em>Co my\u015blisz o tym, \u017ce mia\u0142by\u015b by\u0107 jednym z nich, g\u0142osi\u0107 ludziom Ewangeli\u0119 i ca\u0142kowicie zaufa\u0107 Jezusowi, \u017ce dasz rad\u0119?\u00a0 Czy wierzysz, \u017ce On by\u0142by z Tob\u0105?<\/em><\/p>\n<p>Uczniowie mieli r\u00f3\u017cne zadania, gdy Jezus naucza\u0142. A gdy ich rozsy\u0142a\u0142 obdarowa\u0142 ich darami, kt\u00f3re dodawa\u0142y im mocy do uzdrawiania, fizycznego i duchowego oraz do nauczania. Ka\u017cdy cz\u0142owiek ma co\u015b do wykonania, wg \u015bw. \u00a0swoich talent\u00f3w i umiej\u0119tno\u015bci otrzymanych od Boga.<\/p>\n<p><em>Jakimi darami zosta\u0142e\u015b obdarzony?<\/em><\/p>\n<p><em>Jak nimi si\u0119 dzielisz we wsp\u00f3lnocie? <\/em><\/p>\n<p><em>Czy nimi s\u0142u\u017cysz i wprowadzasz kr\u00f3lestwo niebieskie ju\u017c tu na ziemi?<\/em><\/p>\n<p><em>Czy wiesz, jak\u0105 rol\u0119 powierza Jezus Tobie? Zapytaj o to Jezusa. <\/em><\/p>\n<p>Pro\u015b Ducha \u015bw. o odwag\u0119 do podj\u0119cia misji, kt\u00f3r\u0105 rozpozna\u0142e\u015b, \u017ce jest od Niego.<\/p>\n<p>Ojcze nasz&#8230;<\/p>\n<p>Chwa\u0142a Ojcu i synowi i Duchowi \u015bw. Jak by\u0142a na pocz\u0105tku, teraz i zawsze i na wieki wiek\u00f3w. Amen[\/vc_column_text][\/vc_column][\/vc_row]<\/p>\n","protected":false},"excerpt":{"rendered":"<p>[vc_row full_width=&#8221;stretch_row&#8221; css=&#8221;.vc_custom_1659111992184{background-color: #ffffff !important;}&#8221;][vc_column][vc_separator][vc_column_text]Medytacja 7 \u00a0Sta\u0144 przed Bogiem, Twoim Panem w pokorze i spr\u00f3buj uciszy\u0107 wszystkie my\u015bli. Postaraj si\u0119&#8230;<\/p>\n","protected":false},"author":1,"featured_media":0,"parent":0,"menu_order":0,"comment_status":"closed","ping_status":"closed","template":"","meta":{"footnotes":""},"class_list":["post-4349","page","type-page","status-publish","hentry"],"_links":{"self":[{"href":"https:\/\/fajnewakacjezgenezaret.pl\/index.php\/wp-json\/wp\/v2\/pages\/4349","targetHints":{"allow":["GET"]}}],"collection":[{"href":"https:\/\/fajnewakacjezgenezaret.pl\/index.php\/wp-json\/wp\/v2\/pages"}],"about":[{"href":"https:\/\/fajnewakacjezgenezaret.pl\/index.php\/wp-json\/wp\/v2\/types\/page"}],"author":[{"embeddable":true,"href":"https:\/\/fajnewakacjezgenezaret.pl\/index.php\/wp-json\/wp\/v2\/users\/1"}],"replies":[{"embeddable":true,"href":"https:\/\/fajnewakacjezgenezaret.pl\/index.php\/wp-json\/wp\/v2\/comments?post=4349"}],"version-history":[{"count":6,"href":"https:\/\/fajnewakacjezgenezaret.pl\/index.php\/wp-json\/wp\/v2\/pages\/4349\/revisions"}],"predecessor-version":[{"id":4456,"href":"https:\/\/fajnewakacjezgenezaret.pl\/index.php\/wp-json\/wp\/v2\/pages\/4349\/revisions\/4456"}],"wp:attachment":[{"href":"https:\/\/fajnewakacjezgenezaret.pl\/index.php\/wp-json\/wp\/v2\/media?parent=4349"}],"curies":[{"name":"wp","href":"https:\/\/api.w.org\/{rel}","templated":true}]}}