{"id":476,"date":"2018-05-08T07:43:47","date_gmt":"2018-05-08T07:43:47","guid":{"rendered":"http:\/\/keenitsolutions.com\/products\/wordpress\/rsconstruction\/?page_id=476"},"modified":"2026-01-04T09:39:15","modified_gmt":"2026-01-04T08:39:15","slug":"home-3","status":"publish","type":"page","link":"https:\/\/fajnewakacjezgenezaret.pl\/","title":{"rendered":"Home"},"content":{"rendered":"<p>[vc_row css=&#8221;.vc_custom_1530270996873{padding-top: 88px !important;padding-right: 0px !important;padding-bottom: 100px !important;padding-left: 0px !important;}&#8221; el_id=&#8221;rs-about&#8221; el_class=&#8221;choose-us registration&#8221;][vc_column width=&#8221;1\/2&#8243;]\r\n        <div class=\"rs-heading  border-style \">\r\n        \t<div class=\"title-inner\">\r\n\t            \r\n\t            <h2>Kim jeste\u015bmy<\/h2>\r\n\t        <\/div><\/div>[vc_column_text css=&#8221;.vc_custom_1658243800606{margin-bottom: 20px !important;padding-bottom: 0px !important;}&#8221;]<strong>Katolickie Stowarzyszenie Wsp\u00f3lnota \u201eGenezaret\u201d<\/strong>\u00a0tworz\u0105 osoby w r\u00f3\u017cnym wieku i r\u00f3\u017cnych zawod\u00f3w. Tym co nas przede wszystkim \u0142\u0105czy jest \u201e<em>wpatrywanie si\u0119 w osob\u0119 Jezusa Chrystusa,<\/em>\u00a0<em>kt\u00f3ry nam w wierze<\/em>\u00a0<em>przewodzi, j\u0105 wydoskonala\u201d <\/em>List do Hebr. 12,2a[\/vc_column_text][\/vc_column][vc_column width=&#8221;1\/2&#8243; el_class=&#8221;registration-form&#8221;][vc_row_inner][vc_column_inner]\r\n        <div class=\"rs-heading  vc_custom_1767515660262 border-style \">\r\n        \t<div class=\"title-inner\">\r\n\t            <span style=\"color: #ffffff\" class=\"sub-text\">9-16.08.2026r.<\/span>\r\n\t            <h2 style=\"color: #ffffff\">KARCZOWISKA<\/h2>\r\n\t        <\/div><div class=\"description\"><p><\/p>\n<h3><span style=\"color: #ffffff;\">Do zobaczenia ju\u017c wkr\u00f3tce!<\/span><\/h3>\n<p><\/p><\/div><\/div>[\/vc_column_inner][\/vc_row_inner][\/vc_column][\/vc_row][vc_row full_width=&#8221;stretch_row_content_no_spaces&#8221; content_placement=&#8221;middle&#8221; css=&#8221;.vc_custom_1678639186645{padding-top: 0px !important;padding-bottom: 0px !important;background-position: 0 0 !important;background-repeat: no-repeat !important;}&#8221; el_class=&#8221;choose-sec&#8221;][vc_column width=&#8221;1\/3&#8243; css=&#8221;.vc_custom_1528838300342{padding-top: 0px !important;padding-bottom: 0px !important;}&#8221;][vc_single_image image=&#8221;4490&#8243; img_size=&#8221;full&#8221; alignment=&#8221;right&#8221;][\/vc_column][vc_column width=&#8221;2\/3&#8243; css=&#8221;.vc_custom_1528838553656{padding-top: 120px !important;padding-right: 80px !important;padding-bottom: 100px !important;padding-left: 80px !important;background-color: #303745 !important;}&#8221;]\r\n        <div class=\"rs-heading  vc_custom_1767515785370 border-style \">\r\n        \t<div class=\"title-inner\">\r\n\t            <span style=\"color: #ffffff\" class=\"sub-text\">nasza wyk\u0142adowczyni<\/span>\r\n\t            <h2 style=\"color: #ffffff\">Siostra Judyta Pude\u0142ko<\/h2>\r\n\t        <\/div><div class=\"description\"><p>Cz\u0142onkini Zgromadzenia Si\u00f3str Uczennic Boskiego Mistrza, absolwentka Uniwersytetu Kardyna\u0142a Stefana Wyszy\u0144skiego w Warszawie (2006).<br \/>\nWyk\u0142adowca Papieskiego Wydzia\u0142u Teologicznego w Warszawie. Jest r\u00f3wnie\u017c zaanga\u017cowana w duszpasterstwo biblijne i popularyzowanie Lectio divina.<\/p><\/div><\/div>[\/vc_column][\/vc_row][vc_row full_width=&#8221;stretch_row&#8221; css=&#8221;.vc_custom_1529493200664{padding-top: 55px !important;padding-bottom: 2px !important;background-color: #f0f0f0 !important;}&#8221; el_id=&#8221;rs-services&#8221; el_class=&#8221;services-tabs&#8221;][vc_column]\r\n        <div class=\"rs-heading  vc_custom_1658332363423 border-style center\">\r\n        \t<div class=\"title-inner\">\r\n\t            \r\n\t            <h2>Poznaj nasz\u0105 wsp\u00f3lnot\u0119<\/h2>\r\n\t        <\/div><\/div>[\/vc_column][\/vc_row][vc_row full_width=&#8221;stretch_row&#8221; css=&#8221;.vc_custom_1527749223505{padding-top: 0px !important;padding-bottom: 75px !important;background-color: #f0f0f0 !important;}&#8221; el_class=&#8221;services-tabs&#8221;][vc_column css=&#8221;.vc_custom_1529496074822{padding-top: 0px !important;}&#8221;][vc_tta_tabs shape=&#8221;square&#8221; active_section=&#8221;1&#8243;][vc_tta_section title=&#8221;Misja&#8221; tab_id=&#8221;1527748336570-37e609be-0b41&#8243;][vc_column_text]<\/p>\n<h4 style=\"text-align: center;\"><strong><img loading=\"lazy\" decoding=\"async\" class=\"alignnone size-medium wp-image-3543\" src=\"http:\/\/fajnewakacjezgenezaret.pl\/wp-content\/uploads\/2022\/07\/logotype_horizontal_smalllogo_150dpi-300x50.png\" alt=\"\" width=\"300\" height=\"50\" srcset=\"https:\/\/fajnewakacjezgenezaret.pl\/wp-content\/uploads\/2022\/07\/logotype_horizontal_smalllogo_150dpi-300x50.png 300w, https:\/\/fajnewakacjezgenezaret.pl\/wp-content\/uploads\/2022\/07\/logotype_horizontal_smalllogo_150dpi-1024x171.png 1024w, https:\/\/fajnewakacjezgenezaret.pl\/wp-content\/uploads\/2022\/07\/logotype_horizontal_smalllogo_150dpi-768x129.png 768w, https:\/\/fajnewakacjezgenezaret.pl\/wp-content\/uploads\/2022\/07\/logotype_horizontal_smalllogo_150dpi.png 1069w\" sizes=\"auto, (max-width: 300px) 100vw, 300px\" \/><\/strong><\/h4>\n<h4 style=\"text-align: center;\"><strong>Pragniemy, aby nasz Pan Jezus Chrystus<br \/>\n<\/strong><strong>by\u0142 bardziej znany i kochany przez nas<\/strong><strong>i przez innych ludzi.<\/strong><\/h4>\n<p>[\/vc_column_text][\/vc_tta_section][vc_tta_section title=&#8221;Cele wsp\u00f3lnoty&#8221; tab_id=&#8221;1527748336655-079bc73e-101b&#8221;][vc_column_text]<\/p>\n<header class=\"post-header\"><\/header>\n<div class=\"post-content\">\n<h5>Pragniemy s\u0142u\u017cy\u0107 Ko\u015bcio\u0142owi przez realizacj\u0119 nast\u0119puj\u0105cych cel\u00f3w:<\/h5>\n<ol>\n<li>\n<h5>Rosn\u0105ce osobiste poznanie Jezusa Chrystusa przez czytanie, s\u0142uchanie, studiowanie, uczenie si\u0119 na pami\u0119\u0107 i rozmy\u015blanie nad S\u0142owem Bo\u017cym.<\/h5>\n<\/li>\n<li>\n<h5>Rozwijanie relacji z Panem poprzez zaanga\u017cowane w liturgii Ko\u015bcio\u0142a, uczestnictwo w\u017cyciu sakramentalnym, w Eucharystii i oddanie systematycznej modlitwie.<\/h5>\n<\/li>\n<li>\n<h5>Osobiste u\u015bwi\u0119cenie przejawiaj\u0105ce si\u0119 w pos\u0142usze\u0144stwie Bogu i poddanie si\u0119 prowadzeniu Ducha \u015awi\u0119tego.<\/h5>\n<\/li>\n<li>\n<h5>Oddanie dzie\u0142u ewangelizacji w parafiach i poza nimi ( otwarto\u015b\u0107 wobec nowych os\u00f3b z r\u00f3\u017cnymi potrzebami).<\/h5>\n<\/li>\n<li>\n<h5>Budowanie wsp\u00f3lnoty jako optymalnego \u015brodowiska do wzrostu duchowego (chcemy s\u0142u\u017cy\u0107 braciom i siostrom we wsp\u00f3lnocie z oddaniem i trosk\u0105 buduj\u0105c wzajemn\u0105 mi\u0142o\u015b\u0107).<\/h5>\n<\/li>\n<li>\n<h5>Odpowiadanie na aktualne potrzeby Ko\u015bcio\u0142a i s\u0142u\u017cenie mu przy zachowaniu postawy ekumenicznej zgodnej z nauczaniem Sobory Watyka\u0144skiego II.<\/h5>\n<\/li>\n<li>\n<h5>Prowadzenie systematycznej formacji dla dzieci i m\u0142odzie\u017cy we Wsp\u00f3lnocie.<\/h5>\n<\/li>\n<li>\n<h5>Podkre\u015blanie roli spotka\u0144 w ma\u0142ych grupach w celu efektywnej formacji duchowej i troski o siebie wzajemnie.<\/h5>\n<\/li>\n<li>\n<h5>Zaanga\u017cowanie w ci\u0105g\u0142e ulepszaniu naszej s\u0142u\u017cby tak, aby polecenie Pana Jezusa o czynieniu uczni\u00f3w w\u015br\u00f3d wszystkich narod\u00f3w mog\u0142o by\u0107 realizowane jak najszybciej.<\/h5>\n<\/li>\n<\/ol>\n<\/div>\n<p>[\/vc_column_text][\/vc_tta_section][vc_tta_section title=&#8221;Kr\u00f3tko o wsp\u00f3lnocie&#8221; tab_id=&#8221;1527748336719-78d56af8-fd78&#8243;][vc_column_text]Zal\u0105\u017cek Wsp\u00f3lnoty \u201eGenezaret\u201d powsta\u0142 w 1996 roku, kiedy kilka zaprzyja\u017anionych ma\u0142\u017ce\u0144stw i os\u00f3b stanu wolnego postanowi\u0142o spotyka\u0107 si\u0119 razem, aby wspiera\u0107 si\u0119 w wierze i tworzy\u0107 \u015brodowisko ludzi gotowych dzieli\u0107 si\u0119 Dobr\u0105 Nowin\u0105 z innymi. Pierwsze oficjalne spotkanie mia\u0142o miejsce jesieni\u0105 1996 roku w parafii Naj\u015bwi\u0119tszego Serca Pana Jezusa i \u015bw. Floriana przy ul. Ko\u015bcielnej w Poznaniu. Od tego momentu parafia ta sta\u0142a si\u0119 miejscem spotka\u0144, na kt\u00f3re sk\u0142ada\u0142a si\u0119 Eucharystia i nast\u0119puj\u0105ce po niej czas dalszej formacji. Jest w nim przewidziane dzielenie si\u0119 tym, co B\u00f3g czyni w naszym \u017cyciu i wyk\u0142ad prowadzony przez zaproszone osoby, wzgl\u0119dnie kogo\u015b z cz\u0142onk\u00f3w wsp\u00f3lnoty. W czasie wyk\u0142adu dzieci maj\u0105 zaj\u0119cia w grupach wiekowych.<\/p>\n<p>Od pocz\u0105tku tradycj\u0105 Wsp\u00f3lnoty sta\u0142y si\u0119 wyjazdy weekendowe wiosenne i jesienne, na kt\u00f3rych omawiamy istotne tematy biblijne i kwestie zwi\u0105zane z \u017cyciem Ko\u015bcio\u0142a. Charakterystycznym rysem formacji s\u0105 spotkania biblijne w ma\u0142ych grupach.<\/p>\n<p>W lecie 2002 roku odby\u0142 si\u0119 pierwszy tygodniowy Wakacyjny Wyjazd Wsp\u00f3lnotowy do Bielic. Od tego czasu rokrocznie wyje\u017cd\u017camy w r\u00f3\u017cne miejsca w Polsce w czasie wakacji. Na wyjazdy te zapraszamy r\u00f3wnie\u017c osoby spoza Wsp\u00f3lnoty.<\/p>\n<p>Wsp\u00f3lnota organizowa\u0142a wielokrotnie konferencje tematyczne dotycz\u0105ce takich kwestii, jak wychowanie dzieci, budowanie relacji ma\u0142\u017ce\u0144skiej czy biblijne podej\u015bcie do finans\u00f3w. Przez szereg lat uczestniczyli\u015bmy w dw\u00f3ch parafiach w przygotowaniu m\u0142odzie\u017cy do sakramentu Bierzmowania. Cztery osoby uko\u0144czy\u0142y Szko\u0142\u0119 Katechist\u00f3w i pe\u0142ni\u0105 pos\u0142ug\u0119 w swoich parafiach.<\/p>\n<p>8 kwietnia 2014 roku Ksi\u0105dz Arcybiskup Stanis\u0142aw G\u0105decki erygowa\u0142 Katolickie Stowarzyszenie Wsp\u00f3lnota Genezaret.<\/p>\n<p>Od wrze\u015bnia 2016 roku sta\u0142ym miejscem naszych spotka\u0144 sta\u0142a si\u0119 parafia pw. \u015bw. Rocha w Poznaniu.<\/p>\n<p>Staramy si\u0119 by\u0107 wierni misji Wsp\u00f3lnoty, jak\u0105 jest g\u0142oszenie Dobrej Nowiny. Robimy to przez ewangelizacj\u0119 indywidualn\u0105, zapraszanie na spotkania, wyjazdy formacyjne Wsp\u00f3lnoty i realizowany w parafiach kurs \u201eOdkrywanie Chrze\u015bcija\u0144stwa\u201d.[\/vc_column_text][\/vc_tta_section][\/vc_tta_tabs][\/vc_column][\/vc_row]<\/p>\n","protected":false},"excerpt":{"rendered":"<p>[vc_row css=&#8221;.vc_custom_1530270996873{padding-top: 88px !important;padding-right: 0px !important;padding-bottom: 100px !important;padding-left: 0px !important;}&#8221; el_id=&#8221;rs-about&#8221; el_class=&#8221;choose-us registration&#8221;][vc_column width=&#8221;1\/2&#8243;][vc_column_text css=&#8221;.vc_custom_1658243800606{margin-bottom: 20px !important;padding-bottom: 0px !important;}&#8221;]Katolickie Stowarzyszenie&#8230;<\/p>\n","protected":false},"author":1,"featured_media":0,"parent":0,"menu_order":0,"comment_status":"closed","ping_status":"closed","template":"","meta":{"footnotes":""},"class_list":["post-476","page","type-page","status-publish","hentry"],"_links":{"self":[{"href":"https:\/\/fajnewakacjezgenezaret.pl\/index.php\/wp-json\/wp\/v2\/pages\/476","targetHints":{"allow":["GET"]}}],"collection":[{"href":"https:\/\/fajnewakacjezgenezaret.pl\/index.php\/wp-json\/wp\/v2\/pages"}],"about":[{"href":"https:\/\/fajnewakacjezgenezaret.pl\/index.php\/wp-json\/wp\/v2\/types\/page"}],"author":[{"embeddable":true,"href":"https:\/\/fajnewakacjezgenezaret.pl\/index.php\/wp-json\/wp\/v2\/users\/1"}],"replies":[{"embeddable":true,"href":"https:\/\/fajnewakacjezgenezaret.pl\/index.php\/wp-json\/wp\/v2\/comments?post=476"}],"version-history":[{"count":89,"href":"https:\/\/fajnewakacjezgenezaret.pl\/index.php\/wp-json\/wp\/v2\/pages\/476\/revisions"}],"predecessor-version":[{"id":4491,"href":"https:\/\/fajnewakacjezgenezaret.pl\/index.php\/wp-json\/wp\/v2\/pages\/476\/revisions\/4491"}],"wp:attachment":[{"href":"https:\/\/fajnewakacjezgenezaret.pl\/index.php\/wp-json\/wp\/v2\/media?parent=476"}],"curies":[{"name":"wp","href":"https:\/\/api.w.org\/{rel}","templated":true}]}}

<p>[vc_row css=&#8221;.vc_custom_1530270996873{padding-top: 88px !important;padding-right: 0px !important;padding-bottom: 100px !important;padding-left: 0px !important;}&#8221; el_id=&#8221;rs-about&#8221; el_class=&#8221;choose-us registration&#8221;][vc_column width=&#8221;1/2&#8243;]
        <div class="rs-heading  border-style ">
        	<div class="title-inner">
	            
	            <h2>Kim jesteśmy</h2>
	        </div></div>[vc_column_text css=&#8221;.vc_custom_1658243800606{margin-bottom: 20px !important;padding-bottom: 0px !important;}&#8221;]<strong>Katolickie Stowarzyszenie Wspólnota „Genezaret”</strong> tworzą osoby w różnym wieku i różnych zawodów. Tym co nas przede wszystkim łączy jest „<em>wpatrywanie się w osobę Jezusa Chrystusa,</em> <em>który nam w wierze</em> <em>przewodzi, ją wydoskonala” </em>List do Hebr. 12,2a[/vc_column_text][/vc_column][vc_column width=&#8221;1/2&#8243; el_class=&#8221;registration-form&#8221;][vc_row_inner][vc_column_inner]
        <div class="rs-heading  vc_custom_1767515660262 border-style ">
        	<div class="title-inner">
	            <span style="color: #ffffff" class="sub-text">9-16.08.2026r.</span>
	            <h2 style="color: #ffffff">KARCZOWISKA</h2>
	        </div><div class="description"><p></p>
<h3><span style="color: #ffffff;">Do zobaczenia już wkrótce!</span></h3>
<p></p></div></div>[/vc_column_inner][/vc_row_inner][/vc_column][/vc_row][vc_row full_width=&#8221;stretch_row_content_no_spaces&#8221; content_placement=&#8221;middle&#8221; css=&#8221;.vc_custom_1678639186645{padding-top: 0px !important;padding-bottom: 0px !important;background-position: 0 0 !important;background-repeat: no-repeat !important;}&#8221; el_class=&#8221;choose-sec&#8221;][vc_column width=&#8221;1/3&#8243; css=&#8221;.vc_custom_1528838300342{padding-top: 0px !important;padding-bottom: 0px !important;}&#8221;][vc_single_image image=&#8221;4490&#8243; img_size=&#8221;full&#8221; alignment=&#8221;right&#8221;][/vc_column][vc_column width=&#8221;2/3&#8243; css=&#8221;.vc_custom_1528838553656{padding-top: 120px !important;padding-right: 80px !important;padding-bottom: 100px !important;padding-left: 80px !important;background-color: #303745 !important;}&#8221;]
        <div class="rs-heading  vc_custom_1767515785370 border-style ">
        	<div class="title-inner">
	            <span style="color: #ffffff" class="sub-text">nasza wykładowczyni</span>
	            <h2 style="color: #ffffff">Siostra Judyta Pudełko</h2>
	        </div><div class="description"><p>Członkini Zgromadzenia Sióstr Uczennic Boskiego Mistrza, absolwentka Uniwersytetu Kardynała Stefana Wyszyńskiego w Warszawie (2006).<br />
Wykładowca Papieskiego Wydziału Teologicznego w Warszawie. Jest również zaangażowana w duszpasterstwo biblijne i popularyzowanie Lectio divina.</p></div></div>[/vc_column][/vc_row][vc_row full_width=&#8221;stretch_row&#8221; css=&#8221;.vc_custom_1529493200664{padding-top: 55px !important;padding-bottom: 2px !important;background-color: #f0f0f0 !important;}&#8221; el_id=&#8221;rs-services&#8221; el_class=&#8221;services-tabs&#8221;][vc_column]
        <div class="rs-heading  vc_custom_1658332363423 border-style center">
        	<div class="title-inner">
	            
	            <h2>Poznaj naszą wspólnotę</h2>
	        </div></div>[/vc_column][/vc_row][vc_row full_width=&#8221;stretch_row&#8221; css=&#8221;.vc_custom_1527749223505{padding-top: 0px !important;padding-bottom: 75px !important;background-color: #f0f0f0 !important;}&#8221; el_class=&#8221;services-tabs&#8221;][vc_column css=&#8221;.vc_custom_1529496074822{padding-top: 0px !important;}&#8221;][vc_tta_tabs shape=&#8221;square&#8221; active_section=&#8221;1&#8243;][vc_tta_section title=&#8221;Misja&#8221; tab_id=&#8221;1527748336570-37e609be-0b41&#8243;][vc_column_text]</p>
<h4 style="text-align: center;"><strong><img loading="lazy" decoding="async" class="alignnone size-medium wp-image-3543" src="http://fajnewakacjezgenezaret.pl/wp-content/uploads/2022/07/logotype_horizontal_smalllogo_150dpi-300x50.png" alt="" width="300" height="50" srcset="https://fajnewakacjezgenezaret.pl/wp-content/uploads/2022/07/logotype_horizontal_smalllogo_150dpi-300x50.png 300w, https://fajnewakacjezgenezaret.pl/wp-content/uploads/2022/07/logotype_horizontal_smalllogo_150dpi-1024x171.png 1024w, https://fajnewakacjezgenezaret.pl/wp-content/uploads/2022/07/logotype_horizontal_smalllogo_150dpi-768x129.png 768w, https://fajnewakacjezgenezaret.pl/wp-content/uploads/2022/07/logotype_horizontal_smalllogo_150dpi.png 1069w" sizes="auto, (max-width: 300px) 100vw, 300px" /></strong></h4>
<h4 style="text-align: center;"><strong>Pragniemy, aby nasz Pan Jezus Chrystus<br />
</strong><strong>był bardziej znany i kochany przez nas</strong><strong>i przez innych ludzi.</strong></h4>
<p>[/vc_column_text][/vc_tta_section][vc_tta_section title=&#8221;Cele wspólnoty&#8221; tab_id=&#8221;1527748336655-079bc73e-101b&#8221;][vc_column_text]</p>
<header class="post-header"></header>
<div class="post-content">
<h5>Pragniemy służyć Kościołowi przez realizację następujących celów:</h5>
<ol>
<li>
<h5>Rosnące osobiste poznanie Jezusa Chrystusa przez czytanie, słuchanie, studiowanie, uczenie się na pamięć i rozmyślanie nad Słowem Bożym.</h5>
</li>
<li>
<h5>Rozwijanie relacji z Panem poprzez zaangażowane w liturgii Kościoła, uczestnictwo wżyciu sakramentalnym, w Eucharystii i oddanie systematycznej modlitwie.</h5>
</li>
<li>
<h5>Osobiste uświęcenie przejawiające się w posłuszeństwie Bogu i poddanie się prowadzeniu Ducha Świętego.</h5>
</li>
<li>
<h5>Oddanie dziełu ewangelizacji w parafiach i poza nimi ( otwartość wobec nowych osób z różnymi potrzebami).</h5>
</li>
<li>
<h5>Budowanie wspólnoty jako optymalnego środowiska do wzrostu duchowego (chcemy służyć braciom i siostrom we wspólnocie z oddaniem i troską budując wzajemną miłość).</h5>
</li>
<li>
<h5>Odpowiadanie na aktualne potrzeby Kościoła i służenie mu przy zachowaniu postawy ekumenicznej zgodnej z nauczaniem Sobory Watykańskiego II.</h5>
</li>
<li>
<h5>Prowadzenie systematycznej formacji dla dzieci i młodzieży we Wspólnocie.</h5>
</li>
<li>
<h5>Podkreślanie roli spotkań w małych grupach w celu efektywnej formacji duchowej i troski o siebie wzajemnie.</h5>
</li>
<li>
<h5>Zaangażowanie w ciągłe ulepszaniu naszej służby tak, aby polecenie Pana Jezusa o czynieniu uczniów wśród wszystkich narodów mogło być realizowane jak najszybciej.</h5>
</li>
</ol>
</div>
<p>[/vc_column_text][/vc_tta_section][vc_tta_section title=&#8221;Krótko o wspólnocie&#8221; tab_id=&#8221;1527748336719-78d56af8-fd78&#8243;][vc_column_text]Zalążek Wspólnoty „Genezaret” powstał w 1996 roku, kiedy kilka zaprzyjaźnionych małżeństw i osób stanu wolnego postanowiło spotykać się razem, aby wspierać się w wierze i tworzyć środowisko ludzi gotowych dzielić się Dobrą Nowiną z innymi. Pierwsze oficjalne spotkanie miało miejsce jesienią 1996 roku w parafii Najświętszego Serca Pana Jezusa i św. Floriana przy ul. Kościelnej w Poznaniu. Od tego momentu parafia ta stała się miejscem spotkań, na które składała się Eucharystia i następujące po niej czas dalszej formacji. Jest w nim przewidziane dzielenie się tym, co Bóg czyni w naszym życiu i wykład prowadzony przez zaproszone osoby, względnie kogoś z członków wspólnoty. W czasie wykładu dzieci mają zajęcia w grupach wiekowych.</p>
<p>Od początku tradycją Wspólnoty stały się wyjazdy weekendowe wiosenne i jesienne, na których omawiamy istotne tematy biblijne i kwestie związane z życiem Kościoła. Charakterystycznym rysem formacji są spotkania biblijne w małych grupach.</p>
<p>W lecie 2002 roku odbył się pierwszy tygodniowy Wakacyjny Wyjazd Wspólnotowy do Bielic. Od tego czasu rokrocznie wyjeżdżamy w różne miejsca w Polsce w czasie wakacji. Na wyjazdy te zapraszamy również osoby spoza Wspólnoty.</p>
<p>Wspólnota organizowała wielokrotnie konferencje tematyczne dotyczące takich kwestii, jak wychowanie dzieci, budowanie relacji małżeńskiej czy biblijne podejście do finansów. Przez szereg lat uczestniczyliśmy w dwóch parafiach w przygotowaniu młodzieży do sakramentu Bierzmowania. Cztery osoby ukończyły Szkołę Katechistów i pełnią posługę w swoich parafiach.</p>
<p>8 kwietnia 2014 roku Ksiądz Arcybiskup Stanisław Gądecki erygował Katolickie Stowarzyszenie Wspólnota Genezaret.</p>
<p>Od września 2016 roku stałym miejscem naszych spotkań stała się parafia pw. św. Rocha w Poznaniu.</p>
<p>Staramy się być wierni misji Wspólnoty, jaką jest głoszenie Dobrej Nowiny. Robimy to przez ewangelizację indywidualną, zapraszanie na spotkania, wyjazdy formacyjne Wspólnoty i realizowany w parafiach kurs „Odkrywanie Chrześcijaństwa”.[/vc_column_text][/vc_tta_section][/vc_tta_tabs][/vc_column][/vc_row]</p>
